60.
345
Calculate the remainder when 1473 is divided by 140.
73
Calculate the remainder when 2220 is divided by 407.
185
Calculate the remainder when 2902 is divided by 328.
278
Calculate the remainder when 221044 is divided by 221033.
11
Calculate the remainder when 28678 is divided by 30.
28
What is the remainder when 1114 is divided by 320?
154
Calculate the remainder when 8373 is divided by 125.
123
What is the remainder when 538 is divided by 41?
5
What is the remainder when 126165 is divided by 407?
402
Calculate the remainder when 26221 is divided by 6538.
69
What is the remainder when 5411 is divided by 652?
195
What is the remainder when 163541 is divided by 97?
96
Calculate the remainder when 88535 is divided by 17706.
5
What is the remainder when 16145 is divided by 54?
53
What is the remainder when 69721 is divided by 65?
41
Calculate the remainder when 906 is divided by 131.
120
Calculate the remainder when 879542 is divided by 163.
157
What is the remainder when 141479 is divided by 241?
12
Calculate the remainder when 1910 is divided by 443.
138
What is the remainder when 28371 is divided by 9433?
72
Calculate the remainder when 5914 is divided by 58.
56
What is the remainder when 1815 is divided by 154?
121
What is the remainder when 230590 is divided by 20?
10
What is the remainder when 8597 is divided by 17?
12
Calculate the remainder when 5856 is divided by 217.
214
What is the remainder when 1136 is divided by 277?
28
What is the remainder when 794 is divided by 113?
3
What is the remainder when 22015 is divided by 440?
15
What is the remainder when 645 is divided by 534?
111
What is the remainder when 1433 is divided by 231?
47
What is the remainder when 1474 is divided by 404?
262
Calculate the remainder when 5373046 is divided by 24.
22
What is the remainder when 700 is divided by 136?
20
What is the remainder when 1031380 is divided by 930?
10
What is the remainder when 33657 is divided by 9?
6
What is the remainder when 50579 is divided by 180?
179
What is the remainder when 17388 is divided by 404?
16
Calculate the remainder when 130968 is divided by 789.
783
What is the remainder when 104886 is divided by 53?
52
What is the remainder when 47500 is divided by 1579?
130
Calculate the remainder when 4570 is divided by 1461.
187
What is the remainder when 208285 is divided by 324?
277
What is the remainder when 33321 is divided by 402?
357
Calculate the remainder when 171748 is divided by 150.
148
What is the remainder when 19940 is divided by 618?
164
What is the remainder when 13118 is divided by 112?
14
Calculate the remainder when 7343 is divided by 7324.
19
Calculate the remainder when 1154 is divided by 131.
106
Calculate the remainder when 7167 is divided by 556.
495
What is the remainder when 10687 is divided by 250?
187
What is the remainder when 44200 is divided by 14728?
16
What is the remainder when 3443 is divided by 153?
77
What is the remainder when 446025 is divided by 30?
15
What is the remainder when 39441 is divided by 9743?
469
What is the remainder when 139343 is divided by 34835?
3
Calculate the remainder when 15178 is divided by 1685.
13
What is the remainder when 1294708 is divided by 34?
22
Calculate the remainder when 9583 is divided by 16.
15
Calculate the remainder when 15964 is divided by 1046.
274
Calculate the remainder when 3239 is divided by 24.
23
Calculate the remainder when 6201 is divided by 769.
49
What is the remainder when 14627 is divided by 7305?
17
Calculate the remainder when 1403024 is divided by 75.
74
Calculate the remainder when 5074 is divided by 138.
106
What is the remainder when 47039 is divided by 24?
23
What is the remainder when 2873 is divided by 159?
11
What is the remainder when 2391 is divided by 1147?
97
What is the remainder when 25556 is divided by 201?
29
What is the remainder when 25739 is divided by 117?
116
What is the remainder when 146722 is divided by 14671?
12
Calculate the remainder when 120294 is divided by 49.
48
Calculate the remainder when 1763 is divided by 571.
50
Calculate the remainder when 91208 is divided by 54.
2
What is the remainder when 2421 is divided by 204?
177
What is the remainder when 29223 is divided by 38?
1
Calculate the remainder when 1653 is divided by 551.
0
Calculate the remainder when 6604 is divided by 207.
187
What is the remainder when 627361 is divided by 99?
97
Calculate the remainder when 26761 is divided by 26750.
11
What is the remainder when 47501 is divided by 23727?
47
Calculate the remainder when 64083 is divided by 63.
12
What is the remainder when 4286 is divided by 2138?
10
Calculate the remainder when 56196 is divided by 1123.
46
What is the remainder when 28791 is divided by 613?
593
What is the remainder when 2650 is divided by 268?
238
What is the remainder when 20151 is divided by 5036?
7
What is the remainder when 71234 is divided by 93?
89
Calculate the remainder when 74660 is divided by 7.
5
Calculate the remainder when 17831 is divided by 435.
431
What is the remainder when 12755 is divided by 12695?
60
What is the remainder when 8108 is divided by 240?
188
Calculate the remainder when 112321 is divided by 8639.
14
Calculate the remainder when 95738 is divided by 55.
38
Calculate the remainder when 75122 is divided by 13.
8
Calculate the remainder when 742 is divided by 296.
150
What is the remainder when 3990 is divided by 39?
12
What is the remainder when 758 is divided by 139?
63
Calculate the remainder when 27506 is divided by 13.
11
What is the remainder when 310409 is divided by 128?
9
What is the remainder when 7983 is divided by 16?
15
Calculate the remainder when 1141 is divided by 100.
41
What is the remainder when 92155 is divided by 384?
379
Calculate the remainder when 37862 is divided by 39.
32
Calculate the remainder when 5417741 is divided by 22.
21
Calculate the remainder when 14603 is divided by 2415.
113
What is the remainder when 263756 is divided by 631?
629
What is the remainder when 6269 is divided by 1085?
844
Calculate the remainder when 50097 is divided by 40.
17
What is the remainder when 9219 is divided by 388?
295
What is the remainder when 937 is divided by 299?
40
What is the remainder when 18276 is divided by 88?
60
Calculate the remainder when 15928 is divided by 1586.
68
What is the remainder when 24648 is divided by 19?
5
What is the remainder when 3444 is divided by 220?
144
Calculate the remainder when 88272 is divided by 17651.
17
What is the remainder when 6034 is divided by 287?
7
Calculate the remainder when 639315 is divided by 39.
27
What is the remainder when 8912 is divided by 2225?
12
Calculate the remainder when 3251 is divided by 790.
91
What is the remainder when 394558 is divided by 822?
820
Calculate the remainder when 5479 is divided by 782.
5
What is the remainder when 4790 is divided by 22?
16
Calculate the remainder when 6519 is divided by 145.
139
Calculate the remainder when 1108 is divided by 170.
88
What is the remainder when 101130 is divided by 392?
386
Calculate the remainder when 405379 is divided by 254.
249
What is the remainder when 9631 is divided by 152?
55
What is the remainder when 205435 is divided by 6225?
10
Calculate the remainder when 87669 is divided by 8.
5
What is the remainder when 47953 is divided by 444?
1
What is the remainder when 20539 is divided by 20526?
13
What is the remainder when 61148 is divided by 13?
9
What is the remainder when 34041 is divided by 81?
21
What is the remainder when 4353 is divided by 154?
41
Calculate the remainder when 60681 is divided by 8665.
26
Calculate the remainder when 9619 is divided by 641.
4
Calculate the remainder when 9249 is divided by 1154.
17
Calculate the remainder when 1183 is divided by 197.
1
What is the remainder when 181218 is divided by 40?
18
Calculate the remainder when 42024 is divided by 619.
551
Calculate the remainder when 7990 is divided by 18.
16
What is the remainder when 30031 is divided by 698?
17
What is the remainder when 1060 is divided by 367?
326
Calculate the remainder when 1825 is divided by 1520.
305
What is the remainder when 321320 is divided by 17?
3
Calculate the remainder when 671 is divided by 152.
63
What is the remainder when 5934 is divi